What is the remainder when 28447 is divided by 178?
145
What is the remainder when 20832 is divided by 5403?
4623
What is the remainder when 2433890 is divided by 350?
340
Calculate the remainder when 103831 is divided by 910.
91
Calculate the remainder when 364606 is divided by 145.
76
What is the remainder when 35895902 is divided by 505?
502
Calculate the remainder when 11164 is divided by 8859.
2305
What is the remainder when 32728807 is divided by 9269?
9237
What is the remainder when 5122643 is divided by 2271?
1538
Calculate the remainder when 18922353 is divided by 22.
21
Calculate the remainder when 827555 is divided by 15325.
5
Calculate the remainder when 396466 is divided by 953.
18
What is the remainder when 240424 is divided by 14996?
488
What is the remainder when 1326066 is divided by 20?
6
Calculate the remainder when 106681 is divided by 5414.
3815
What is the remainder when 16562475 is divided by 595?
55
What is the remainder when 31574593 is divided by 3508287?
10
Calculate the remainder when 14087267 is divided by 4695715.
122
Calculate the remainder when 4006958 is divided by 3666.
20
What is the remainder when 239107289 is divided by 206?
205
What is the remainder when 552375 is divided by 276170?
35
Calculate the remainder when 2860928 is divided by 92288.
0
What is the remainder when 21727383 is divided by 246902?
7
Calculate the remainder when 10853090 is divided by 3320.
10
What is the remainder when 8730934 is divided by 332?
330
What is the remainder when 6478599 is divided by 70?
29
Calculate the remainder when 73896119 is divided by 36.
35
Calculate the remainder when 269439 is divided by 1934.
613
What is the remainder when 574746 is divided by 2?
0
What is the remainder when 64688965 is divided by 298?
19
Calculate the remainder when 307351 is divided by 23638.
57
What is the remainder when 458231 is divided by 114065?
1971
Calculate the remainder when 28172571 is divided by 4695427.
9
What is the remainder when 251195 is divided by 10000?
1195
What is the remainder when 7950596 is divided by 271?
269
Calculate the remainder when 892700 is divided by 267.
119
Calculate the remainder when 870486 is divided by 49.
1
What is the remainder when 10012261 is divided by 49?
42
What is the remainder when 2208878 is divided by 16?
14
Calculate the remainder when 11717921 is divided by 3905970.
11
Calculate the remainder when 10161225 is divided by 18887.
19
What is the remainder when 58335 is divided by 32?
31
What is the remainder when 6967133 is divided by 435408?
605
What is the remainder when 1846627 is divided by 2252?
2239
Calculate the remainder when 11249370 is divided by 2249866.
40
What is the remainder when 69262 is divided by 9654?
1684
Calculate the remainder when 21780863 is divided by 16.
15
What is the remainder when 76727690 is divided by 64640?
10
What is the remainder when 2129758 is divided by 116?
114
What is the remainder when 8377768 is divided by 100933?
329
What is the remainder when 11683646 is divided by 16?
14
What is the remainder when 16354319 is divided by 698?
179
Calculate the remainder when 24605 is divided by 4767.
770
What is the remainder when 64066 is divided by 770?
156
Calculate the remainder when 774641 is divided by 1533.
476
Calculate the remainder when 1080024 is divided by 1319.
1082
Calculate the remainder when 83766 is divided by 5581.
51
What is the remainder when 11916935 is divided by 5958452?
31
What is the remainder when 53148 is divided by 8775?
498
What is the remainder when 275459 is divided by 274610?
849
Calculate the remainder when 3613264 is divided by 939.
931
Calculate the remainder when 760051 is divided by 786.
775
Calculate the remainder when 53281480 is divided by 4335.
4330
Calculate the remainder when 163198 is divided by 40483.
1266
Calculate the remainder when 158417 is divided by 2982.
371
Calculate the remainder when 7166603 is divided by 1557.
1289
What is the remainder when 38502112 is divided by 5?
2
What is the remainder when 35043 is divided by 17046?
951
What is the remainder when 32763114 is divided by 155?
144
Calculate the remainder when 256455 is divided by 2489.
88
Calculate the remainder when 5000735 is divided by 2272.
63
Calculate the remainder when 730672 is divided by 60884.
64
Calculate the remainder when 3183365 is divided by 2873.
81
Calculate the remainder when 11938 is divided by 11930.
8
What is the remainder when 203192 is divided by 74?
62
Calculate the remainder when 170419388 is divided by 264.
260
Calculate the remainder when 204051956 is divided by 102025961.
34
What is the remainder when 1739199 is divided by 80?
79
What is the remainder when 193849 is divided by 557?
13
What is the remainder when 5725889 is divided by 357?
323
What is the remainder when 1315991 is divided by 328582?
1663
Calculate the remainder when 55903 is divided by 11042.
693
What is the remainder when 655099 is divided by 431?
410
Calculate the remainder when 671879 is divided by 15262.
351
Calculate the remainder when 18983492 is divided by 1493.
1490
What is the remainder when 554449 is divided by 277213?
23
Calculate the remainder when 219502 is divided by 13677.
670
What is the remainder when 2054030 is divided by 120821?
73
Calculate the remainder when 33511392 is divided by 693.
684
Calculate the remainder when 12049 is divided by 11229.
820
Calculate the remainder when 20978708 is divided by 5244677.
0
Calculate the remainder when 1078197 is divided by 2237.
2200
What is the remainder when 4548954 is divided by 2274453?
48
What is the remainder when 131299 is divided by 130402?
897
What is the remainder when 49169618 is divided by 195?
173
Calculate the remainder when 5330272 is divided by 5535.
67
Calculate the remainder when 80609309 is divided by 523437.
11
What is the remainder when 1142262 is divided by 380748?
18
What is the remainder when 4306444 is divided by 608?
588
What is the remainder when 53462872 is divided by 139?
136
Calculate the remainder when 2828573738 is divided by 9091.
9089
What is the remainder when 551769 is divided by 325?
244
Calculate the remainder when 24555739 is divided by 5491.
5478
Calculate the remainder when 94364458 is divided by 30.
28
Calculate the remainder when 823766 is divided by 8.
6
What is the remainder when 13774867 is divided by 3199?
3172
What is the remainder when 830956 is divided by 752?
748
What is the remainder when 119718 is divided by 2485?
438
What is the remainder when 1877802 is divided by 625934?
0
What is the remainder when 29799534 is divided by 4784?
4782
What is the remainder when 15908330 is divided by 1767587?
47
Calculate the remainder when 32026 is divided by 2204.
1170
Calculate the remainder when 1976645 is divided by 21.
20
Calculate the remainder when 89930601 is divided by 6930.
6921
Calculate the remainder when 6481595 is divided by 12.
11
What is the remainder when 379556 is divided by 94888?
4
What is the remainder when 1423068 is divided by 101639?
122
What is the remainder when 161033 is divided by 4791?
2930
What is the remainder when 1237130 is divided by 103093?
14
Calculate the remainder when 214857 is divided by 3845.
3382
What is the remainder when 77538 is divided by 393?
117
Calculate the remainder when 77892 is divided by 2906.
2336
Calculate the remainder when 2314666 is divided by 433.
281
Calculate the remainder when 135560 is divided by 134762.
798
Calculate the remainder when 1148714 is divided by 6277.
23
What is the remainder when 2648 is divided by 230?
118
What is the remainder when 373709 is divided by 2747?
117
Calculate the remainder when 142857 is divided by 68.
57
What is the remainder when 921009 is divided by 203?
201
Calculate the remainder when 176353 is divided by 7418.
5739
Calculate the remainder when 1135489 is divided by 21.
19
Calculate the remainder when 235649 is divided by 76634.
5747
What is the remainder when 1248680 is divided by 51?
47
Calculate the remainder when 987709 is divided by 89655.
1504
What is the remainder when 9948644 is divided by 7147?
20
Calculate the remainder when 64884 is divided by 763.
29
Calculate the remainder when 136479 is divided by 167.
40
What is the remainder when 499600 is divided by 1801?
72